 + 180*u - 175*u = 17, 6 = -2*r + 3*u. Give w(r).
-5
Let r(o) = -15*o + 10. Let z(w) = -11*w + 2. Let d = 21 - 25. Let h(b) = -12*b + 1. Let q(f) = d*z(f) + 3*h(f). Let g(n) = 7*q(n) + 4*r(n). What is g(4)?
-11
Suppose -23*n + 32 = 4*c - 19*n, -23 = -2*c - n. Let h(a) = 35*a - 516. Calculate h(c).
9
Let j(u) = u**3 - 14*u**2 + 6*u + 85. Let f be (-6)/16*(-184 + 186) - 110/(-8). What is j(f)?
-6
Let y(q) be the third derivative of -q**4/24 + q**3/2 - 3*q**2 - q + 183. Give y(2).
1
Let b be (-8 + 3 - 0)/1. Let q = 5 + b. Let h(p) = -37*p**2 - 5*p - 12. Let y(t) = 80*t**2 + 11*t + 26. Let k(o) = 13*h(o) + 6*y(o). What is k(q)?
0
Let m(o) be the third derivative of o**6/40 + o**5/30 + o**4/24 - o**3/6 + 678*o**2. Calculate m(-1).
-3
Let m(n) be the second derivative of -3*n**5/20 - n**4/6 - n**3/6 + 230*n. Let s = -19 + 18. Calculate m(s).
2
Let l be ((-43)/172)/((-11)/572). Let t(z) = -z**3 + 15*z**2 - 27*z - 5. Determine t(l).
-18
Suppose -31*d = 6*d + 3328 - 3180. Let b(j) = 3*j + 0 + 0*j + 2. Determine b(d).
-10
Let f(t) = t**3 - 5*t**2 - 6*t + 2. Let m(a) = a**3 - 6*a**2 - 7*a + 14. Let x be m(7). Suppose -x = g - 9. Let j = g - -11. Calculate f(j).
2
Suppose -5*l - 22 = 4*u, -3*l + 43 = -5*u - 3. Let t(g) = 2*g**2 + 10*g - 4. Determine t(u).
44
Let s(x) be the first derivative of -x**6/120 + x**5/60 - 5*x**3/6 - x**2/2 + 8*x - 26. Let k(n) be the second derivative of s(n). Determine k(0).
-5
Suppose -5*v + 4*t = 48, 3*v = -2*v - 12*t + 64. Let z(u) = -u**3 + 2*u - 7. Determine z(v).
49
Let n(x) = -x**3 - 4*x**2 - 2*x + 3. Let f be ((-1)/(-2))/(9/90). Suppose -m + 14 = -5*z, -3*z - f*m - 11 = -z. What is n(z)?
0
Let k(a) be the third derivative of 0*a + 0 - 5/6*a**3 + 1/12*a**4 + 4*a**2. Let o be 138/30 - (-5)/((-100)/(-8)). Give k(o).
5
Suppose 12 = -3*p, 0 = 6*q - 2*q + 4*p + 8. Let f(b) = -154*b + 79*b + 80*b - q - 2. What is f(2)?
6
Let c(o) = 6*o**2 + o. Let v(n) = n - 8. Let r(a) = a - 5. Let b be r(5). Let w be v(b). Let k(y) = y + 7. Let d be k(w). Give c(d).
5
Let m(c) = c + 4*c - 473 - 3*c - 472 + 930. Let j be (-23)/(-2) - (-60)/40. Calculate m(j).
11
Let u(w) = w**3 + w**2 - w + 2. Suppose 13*r - 149 - 111 = 0. Suppose 33*f = 23*f + r. Calculate u(f).
12
Suppose 176*u - 45*u - 1152 = -13*u. Let t(z) = z**2 - 8*z - 14. Give t(u).
-14
Suppose 4*c - o + 87 = 2*c, 5 = 5*o. Let p = 47 + c. Let n(l) be the first derivative of -l**2/2 - l - 87. Determine n(p).
-5
Let d(i) = -i**2 - 3*i + 1. Let s = 94 - 66. Suppose -4*v + 8*v - p = s, -3*v - 4*p + 21 = 0. Suppose -r + 2*k = 6 + v, 4*r = -k - 16. Give d(r).
-9
Suppose n = 5*m + 54, 0*n + 4*m + 186 = 5*n. Let p(r) = -204 - n*r**2 + 33*r**2 + 203 - 7*r. Give p(-6).
5
Let x(d) be the second derivative of d**3/3 - 2*d**2 - 253*d. Let l be (7/(-21))/(2/(-24)). What is x(l)?
4
Suppose -6*g - 3*d - 3 = -3*g, -5*g - 10 = 4*d. Let o = 472 - 470. Let w(h) = -h - 4. Let k(m) = 4*m + 10. Let r(p) = o*w(p) + k(p). Determine r(g).
-10
Let z = 39 - 24. Let k(x) = -2*x + 37. Let d(g) = 2*g - 38. Let f(s) = 4*d(s) + 5*k(s). Let h be f(z). Let r(t) = 2*t**2 - 3*t - 2. Calculate r(h).
7
Let u = -622 + 667. Let y(c) = u + 46 - 3*c - 88. Determine y(2).
-3
Let d(p) = p**2 - 2*p - 7. Let y be d(-5). Suppose -39 = 15*k - y*k. Let n(r) = r**3 - 2*r**2 - 4*r. Determine n(k).
-3
Let p(h) = -4*h**2 - 7*h + 7. Let d(a) = a**2 - 1. Let u(k) = 3*d(k) + p(k). Let c be u(-7). Suppose c - 32 = 4*f. Let t(q) = -q**2 - 5*q + 5. Determine t(f).
-9
Let g(c) = 32*c + 35*c + 30*c + 38*c - 113*c - 4 - 24*c. Suppose f + 1 = 6. Give g(f).
-14
Let a(z) = -11745*z + 23490*z - 12 - 11773*z + 33. Give a(2).
-35
Let v(a) = 10*a. Suppose w = -27 - 47. Let p be -1 - (w - 0 - (9 + -6)). Suppose 2*c + 74 - p = 0. Determine v(c).
10
Let f(w) be the first derivative of w**4/4 + 8*w**3/3 + 7*w**2/2 - w + 2323. Calculate f(-7).
-1
Let b(z) be the first derivative of -6 + 1/2*z**2 + 2*z. Determine b(-9).
-7
Let g(o) = -57*o + 341. Let z = 10849 - 10843. Determine g(z).
-1
Let c be (-1)/(-1) + -1 + (-765)/(-17). Let x = 51 - c. Let j(o) = o + 2*o - x*o. Give j(4).
-12
Let n(w) = 2*w**2 + 7*w + 3. Let d(h) = 1016*h + 3037. Let s be d(-3). What is n(s)?
168
Suppose -25 = 5*u, 28 = 10*j - 8*j - 4*u. Let o = 8 - 6. Suppose -d = -o - j. Let x(l) = -l**2 + 6*l + 1. Calculate x(d).
1
Let l(x) = -x + 43. Suppose -7750 = -117*m - 133*m. Calculate l(m).
12
Let q(z) = z + 7. Let i(g) = 69*g - 24. Let b be i(1). Suppose 33*j = 28*j - b. What is q(j)?
-2
Let x(z) = z + 4. Suppose 6*i + 55*i = 5*i. Suppose -n + 6*h = 11*h + 1, 5*n - h + 31 = i. Calculate x(n).
-2
Let h(a) = 0*a**2 + 0*a**2 - 3 + 14*a**3 + 4. Let r(p) = -1272*p + 3815. Let u be r(3). What is h(u)?
-13
Let q(y) = -y**3 + 4*y**2 - 2*y + 1. Let g(a) = 2*a**3 - 7*a**2 + 3*a - 1. Let d(w) = -4*g(w) - 7*q(w). Let n = 27664 + -27667. Give d(n).
18
Let v(w) = w**2 + 8*w - 2. Let l be v(-9). Let d(f) = 11*f - 49. Determine d(l).
28
Let z(f) be the first derivative of -f**4/4 - 11*f**3/3 - 15*f**2/2 - 13*f - 354. Calculate z(-10).
37
Suppose 0 = -3*o + 4*j + 2, 128*o - 4*j = 124*o + 8. Let a(f) = f**2 - 4*f - 25. What is a(o)?
-13
Let u(t) = -t**2 - 8*t - 7. Let f(k) = -5 + 0 + 4. Let v(c) = -7*c + 1. Let p(j) = -f(j) - v(j). Let r be p(-1). Calculate u(r).
0
Let v(r) = 13*r + 12. Let k(h) = 53*h + 27. Let f(s) = -2*k(s) + 9*v(s). Calculate f(-6).
-12
Let k be 15*(1 + 2) + (-4)/2. Let p = -45 + k. Let h be -7 - p/(-4)*-8. Let z(d) = 7*d + 4. Determine z(h).
-17
Suppose -1 = j - 2. Let t(o) = -424*o + 1288. Let z(y) = -7*y + 21. Let d(n) = 3*t(n) - 184*z(n). What is d(j)?
16
Suppose -i + 10 = -3*i, -5*m - 20 = 2*i. Let q(r) be the second derivative of 3*r**5/20 + r**4/4 + r**3/6 + 57097*r. Determine q(m).
-14
Let a(b) = -b - 48. Let u(y) = -8*y - 140. Let z(w) = 5*a(w) - u(w). What is z(29)?
-13
Suppose -p + 11 + 2 = 0. Suppose -p*j + 6*j = -49. Suppose j - 1 = -w. Let u(m) = -m**3 - 5*m**2 + 7*m - 5. Give u(w).
-11
Let n(f) = f**3 - 21*f**2 - 71*f + 28. Let v be 2 - (-418)/(-12 + 31). What is n(v)?
52
Let w(a) = -8*a**2 + 2*a - 3. Let z(p) = p**3 - 25*p**2 + 24*p - 7. Let o(s) = 2*w(s) - z(s). Give o(6).
-11
Let l be 4264/(-40) + (-4)/10. Let s = 35 + l. Let j = -65 - s. Let q(r) = -r**2 + 9*r - 8. Give q(j).
6
Let g(v) = -v**2 - 16*v - 38. Let k(f) = 12*f**3 - 3*f**2 + 3*f + 4. Let c be k(-1). Determine g(c).
-10
Let c(n) = -n**3 + 7*n**2 - 4*n + 29. Suppose 45*o - 114 - 201 = 0. Determine c(o).
1
Let g(f) be the first derivative of -11*f**3/3 - 12*f**2 - 3*f - 9062. What is g(-2)?
1
Let y(f) = -3*f + 38. Let t be 2 + (-12)/9 + 3136/192. Calculate y(t).
-13
Let k(s) = 3*s**2 - 14*s - 24. Let w be k(6). Let f(i) = -5*i**3 + 4*i**2 - i + 1. Let q(l) = l**3 - l**2. Let o(z) = f(z) + 4*q(z). Determine o(w).
1
Let r(z) be the third derivative of -23*z**4/12 - 365*z**3/6 + 11776*z**2. Determine r(-8).
3
Suppose -3*z = -4*u + 11 - 0, -2*z - 14 = 4*u. Let d(a) = 3*a**2 + 10*a + 19. Give d(z).
44
Suppose -9*j = -226 - 2168. Let l(a) = -126*a + 3 + j*a - 2*a**3 + 7*a**2 - 138*a. Determine l(4).
-5
Let z(o) = 11 + 10*o**2 + 16*o**2 + 6 - 5*o - 28*o**2 + 3*o. What is z(5)?
-43
Let p(v) = 6*v**3 + v**2 - 13*v - 3. Let x = 220 + -222. Let n(t) = 2*t**3 - 4*t - 1. Let j(g) = x*p(g) + 7*n(g). What is j(-1)?
-3
Let j(l) be the first derivative of -5*l**2/2 + 1712. Give j(0).
0
Suppose -115 + 105 = 10*a. Let i(p) = p**3 + p**2 + p - 3. Let x(t) = -7*t**3 - 12*t**2 - 4*t + 9. Let k(c) = a*x(c) - 6*i(c). Calculate k(-7).
-26
Let a(n) be the third derivative of n**5/60 + 5*n**4/24 + n**3/2 - 57*n**2. Suppose 4*l = 8, 5*d - 2*l + 49 = 20. Calculate a(d).
3
Suppose -5*h + 0 - 10 = 0. Let c(a) = -2*a - 12 + 2*a**2 - 81 + 90 - 2*a**3. Give c(h).
25
Let d(q) = q**2 + q. Suppose w + 111 = 112. Let m(u) = -2*u**2 - 3*u + 27. Let l(v) = w*d(v) + m(v). Let f(t) be the first derivative of l(t). Give f(-4).
6
Let n be -110*(1 - 48/40). Let x(u) = 0 + 5*u + 14*u**2 + n*u**3 + 7*u - 21*u**3 + 3*u - 5. What is x(-13)?
-31
Let x be -9 + ((-72)/(-9) - -2). Let a(c) = x + 114*c - 11 - 59*c - 56*c. Give a(-11).
1
Let m(i) = 10*i - 42. Let a(k) = -6*k + 37. Let t(w) = 4*a(w) + 3*m(w). Calculate t(-3).
4
Let y(t) be the first derivative of t**3/3 + 3*t**2/2 - 4*t - 1787. Let o be ((-34)/(-6))/(1/3). Suppose -3*p - o = -8. What is y(p)?
